r of 3015 and 72171.
9
What is the highest common divisor of 39 and 276542526?
39
What is the highest common factor of 827065 and 20935?
265
Calculate the greatest common divisor of 26521 and 20886493.
2411
What is the highest common divisor of 1426 and 4259338?
62
What is the highest common divisor of 39699 and 723805?
401
Calculate the greatest common factor of 9016425 and 450.
225
What is the highest common divisor of 2509359 and 20466?
1137
Calculate the greatest common divisor of 2200325 and 97635.
1415
What is the highest common factor of 244 and 14177620?
244
What is the greatest common divisor of 1278 and 31900726?
142
Calculate the greatest common divisor of 8282740 and 228888.
1156
Calculate the highest common factor of 3505914 and 366.
366
What is the greatest common divisor of 2824 and 4841488?
8
Calculate the greatest common factor of 71613 and 415881.
657
What is the highest common divisor of 132311834 and 1310?
262
What is the greatest common divisor of 528 and 8983968?
48
What is the highest common divisor of 1424943055 and 155?
155
What is the highest common factor of 87204 and 22188?
516
What is the greatest common factor of 144 and 59822600?
8
What is the greatest common divisor of 226324042 and 7?
7
What is the highest common divisor of 63813 and 2581?
89
Calculate the greatest common factor of 201 and 95595.
3
What is the greatest common divisor of 25413440 and 66625?
2665
What is the highest common divisor of 5146 and 15231413?
83
Calculate the greatest common divisor of 36583096 and 176.
88
Calculate the highest common divisor of 1459590 and 88.
22
What is the greatest common divisor of 161 and 9287929?
161
What is the highest common divisor of 226744638 and 282?
282
Calculate the greatest common factor of 29169212 and 2510.
502
What is the greatest common factor of 440 and 39298400?
40
Calculate the highest common divisor of 26144 and 29694112.
608
Calculate the greatest common factor of 70 and 126040390.
70
Calculate the highest common divisor of 74204 and 19396.
52
Calculate the greatest common divisor of 5616138 and 330.
66
What is the highest common factor of 8283408 and 56?
56
Calculate the greatest common factor of 1337004332 and 248.
124
What is the highest common divisor of 24037 and 352729?
559
What is the greatest common divisor of 90 and 52214130?
90
Calculate the greatest common divisor of 36951 and 1072233.
327
Calculate the greatest common factor of 2355630 and 12.
6
What is the highest common factor of 2427724 and 9776?
52
Calculate the highest common divisor of 1023 and 3983097.
93
What is the greatest common factor of 1443940 and 2365?
215
What is the greatest common divisor of 2574 and 3224?
26
What is the highest common factor of 33 and 26146593?
33
What is the highest common divisor of 2566 and 770309351?
1283
What is the greatest common factor of 92 and 103994799?
23
Calculate the highest common divisor of 3120 and 4635.
15
What is the greatest common divisor of 174285721 and 8168?
1021
What is the greatest common divisor of 2320864 and 12064?
416
What is the highest common divisor of 1756 and 2184264?
4
Calculate the highest common factor of 862 and 323450846.
862
Calculate the greatest common divisor of 16185 and 46188753.
3237
Calculate the highest common factor of 11501 and 505918.
7
What is the greatest common divisor of 95818824 and 787?
787
What is the highest common divisor of 62850 and 1950?
150
Calculate the greatest common divisor of 198 and 1651551.
33
Calculate the greatest common divisor of 10647 and 187712889.
273
Calculate the highest common divisor of 126 and 796893363.
63
Calculate the highest common divisor of 2 and 2280567.
1
What is the greatest common factor of 120192 and 5552?
16
Calculate the highest common divisor of 1884 and 37646088.
1884
What is the highest common factor of 88504765 and 5?
5
Calculate the highest common factor of 1527078840 and 21.
21
What is the greatest common factor of 1849364 and 308?
44
Calculate the greatest common divisor of 6306046 and 204262.
4346
Calculate the greatest common divisor of 399204 and 12870.
234
What is the highest common factor of 2871708 and 6069?
357
Calculate the highest common divisor of 7678163714 and 5759.
5759
What is the greatest common divisor of 129204429 and 1158?
579
What is the greatest common factor of 80 and 319760580?
20
Calculate the highest common divisor of 72436 and 58968.
364
Calculate the greatest common divisor of 162313468 and 2248.
1124
What is the greatest common divisor of 1119365 and 1028195?
5065
Calculate the highest common divisor of 555 and 2027220.
15
What is the highest common factor of 42 and 20094214?
14
What is the greatest common divisor of 560985 and 1249980?
3765
Calculate the greatest common factor of 697 and 163756665.
697
What is the greatest common factor of 126 and 3833326?
14
Calculate the highest common factor of 1848 and 4216828.
308
Calculate the highest common factor of 966 and 175917.
21
Calculate the highest common divisor of 14528 and 1264163.
227
Calculate the greatest common divisor of 14500114 and 6.
2
Calculate the greatest common factor of 19385 and 26177504.
3877
Calculate the greatest common factor of 60329592 and 37098.
4122
What is the highest common factor of 138039836 and 8096?
1012
What is the highest common divisor of 4215 and 18020811?
843
What is the highest common factor of 10885 and 235379417?
2177
Calculate the greatest common divisor of 72303680 and 80.
80
Calculate the highest common factor of 20900 and 639920.
380
Calculate the greatest common divisor of 832649 and 14013.
173
Calculate the highest common factor of 837647832 and 1653.
1653
Calculate the greatest common factor of 5370 and 146990.
10
Calculate the greatest common factor of 10449 and 109144449.
1161
Calculate the highest common factor of 70 and 23480695.
35
Calculate the greatest common factor of 3570999 and 6191.
151
What is the highest common divisor of 1233 and 35452860?
411
What is the greatest common divisor of 3069370 and 623516?
3214
What is the greatest common divisor of 1248162 and 2595456?
4506
What is the greatest common factor of 17562 and 52518?
6
What is the greatest common divisor of 21 and 165661489?
7
Calculate the highest common factor of 37467969 and 944097.
14091
Calculate the highest common divisor of 27470 and 724306.
82
Calculate the greatest common factor of 13986 and 267235164.
4662
Calculate the greatest common factor of 3991789 and 184799.
653
Calculate the highest common divisor of 2798534 and 528842.
1882
What is the greatest common divisor of 20248158 and 1848?
42
Calculate the greatest common divisor of 572 and 2030951.
13
Calculate the highest common divisor of 9603 and 434907.
99
What is the greatest common divisor of 1512 and 2030742?
126
What is the highest common factor of 3198600 and 18840?
120
Calculate the greatest common divisor of 6136 and 48964.
4
What is the highest common divisor of 1735639 and 283?
283
Calculate the highest common divisor of 89750 and 1057614.
718
Calculate the highest common factor of 289485 and 1589.
7
What is the greatest common factor of 13498725 and 9073?
211
What is the highest common divisor of 245552 and 1720?
8
What is the highest common divisor of 59070 and 117414?
66
What is the highest common divisor of 198832694 and 2594?
2594
Calculate the greatest common factor of 13066 and 1154931.
47
Calculate the highest common factor of 169213539 and 726.
363
Calculate the highest common divisor of 26158 and 982278.
902
Calculate the highest common divisor of 494 and 3448224.
26
What is the greatest common divisor of 4785 and 26697?
33
Calculate the highest common factor of 24372286 and 498.
166
What is the greatest common divisor of 19221864 and 46458?
534
What is the greatest common factor of 565106 and 4558?
86
What is the highest common divisor of 11621260 and 16100?
140
What is the highest common factor of 228513304 and 608?
152
What is the greatest common factor of 1188691 and 134309?
49
Calculate the highest common factor of 22 and 13879074.
22
What is the highest common divisor of 630 and 14549290?
70
Calculate the highest common factor of 81634 and 5474.
238
Calculate the highest common factor of 140 and 712464340.
140
